{"id":12087,"date":"2026-09-02T11:16:04","date_gmt":"2026-09-02T09:16:04","guid":{"rendered":"https:\/\/guiaactivitats.aralleida.cat\/events\/cap-de-setmana-iberic-als-vilars-arbeca-garrigues-3\/"},"modified":"2026-09-02T11:16:04","modified_gmt":"2026-09-02T09:16:04","slug":"cap-de-setmana-iberic-als-vilars-arbeca-garrigues-3","status":"publish","type":"events","link":"https:\/\/guiaactivitats.aralleida.cat\/fr\/events\/cap-de-setmana-iberic-als-vilars-arbeca-garrigues-3\/","title":{"rendered":"CAP DE SETMANA IB\u00c8RIC ALS VILARS  &#8211; ARBECA (Garrigues)"},"content":{"rendered":"<p>El Cap de Setmana Ib\u00e8ric \u00e9s l\u2019esdeveniment anual de la Ruta dels Ibers m\u00e9s important i que atrau m\u00e9s visitants als jaciments ib\u00e8rics de tot Catalunya, en aquest cas a la fortalesa ib\u00e8rica dels Vilars. \u00c9s una excel\u00b7lent oportunitat per redescobrir el nostre passat, passejar per enclavaments espectaculars amb troballes \u00faniques, tot plegat amb les explicacions d\u2019alguns dels millors arque\u00f2legs del pa\u00eds.<\/p>\n","protected":false},"featured_media":0,"template":"","meta":{"web":"http:\/\/www.arbeca.cat","web2":"http:\/\/www.arbecaturisme.cat","correu":"","telefon":"973 16 00 08 \/ 973 16 01 82   ","latitud":"41.5342106","longitud":"0.9396108","imatge-destacada":"https:\/\/control.aralleida.cat\/\/storage\/4383\/CAP-DE-SETMANA-IBE\u2560\u00c7RIC-ALS-VILARS-.jpeg","combinatmapa":"41.5342106;0.9396108","poblacio":""},"campanyes":[187],"comarques":[200],"categories-events":[147],"class_list":["post-12087","events","type-events","status-publish","hentry","campanyes-tardor","comarques-garrigues","categories-events-cultura"],"yoast_head":"<!-- This site is optimized with the Yoast SEO plugin v28.4 - https:\/\/yoast.com\/product\/yoast-seo-wordpress\/ -->\n<title>CAP DE SETMANA IB\u00c8RIC ALS VILARS - ARBECA (Garrigues) - Guia activitats de Lleida<\/title>\n<meta name=\"robots\" content=\"index, follow, max-snippet:-1, max-image-preview:large, max-video-preview:-1\" \/>\n<link rel=\"canonical\" href=\"https:\/\/guiaactivitats.aralleida.cat\/events\/cap-de-setmana-iberic-als-vilars-arbeca-garrigues-3\/\" \/>\n<meta property=\"og:locale\" content=\"fr_FR\" \/>\n<meta property=\"og:type\" content=\"article\" \/>\n<meta property=\"og:title\" content=\"CAP DE SETMANA IB\u00c8RIC ALS VILARS - ARBECA (Garrigues) - Guia activitats de Lleida\" \/>\n<meta property=\"og:description\" content=\"El Cap de Setmana Ib\u00e8ric \u00e9s l\u2019esdeveniment anual de la Ruta dels Ibers m\u00e9s important i que atrau m\u00e9s visitants als jaciments ib\u00e8rics de tot Catalunya, en aquest cas a la fortalesa ib\u00e8rica dels Vilars. \u00c9s una excel\u00b7lent oportunitat per redescobrir el nostre passat, passejar per enclavaments espectaculars amb troballes \u00faniques, tot plegat amb les [&hellip;]\" \/>\n<meta property=\"og:url\" content=\"https:\/\/guiaactivitats.aralleida.cat\/events\/cap-de-setmana-iberic-als-vilars-arbeca-garrigues-3\/\" \/>\n<meta property=\"og:site_name\" content=\"Guia activitats de Lleida\" \/>\n<meta property=\"article:publisher\" content=\"https:\/\/www.facebook.com\/aralleida\/\" \/>\n<meta name=\"twitter:card\" content=\"summary_large_image\" \/>\n<meta name=\"twitter:site\" content=\"@aralleida\" \/>\n<script type=\"application\/ld+json\" class=\"yoast-schema-graph\">{\"@context\":\"https:\\\/\\\/schema.org\",\"@graph\":[{\"@type\":\"WebPage\",\"@id\":\"https:\\\/\\\/guiaactivitats.aralleida.cat\\\/events\\\/cap-de-setmana-iberic-als-vilars-arbeca-garrigues-3\\\/\",\"url\":\"https:\\\/\\\/guiaactivitats.aralleida.cat\\\/events\\\/cap-de-setmana-iberic-als-vilars-arbeca-garrigues-3\\\/\",\"name\":\"CAP DE SETMANA IB\u00c8RIC ALS VILARS - ARBECA (Garrigues) - Guia activitats de Lleida\",\"isPartOf\":{\"@id\":\"https:\\\/\\\/guiaactivitats.aralleida.cat\\\/#website\"},\"datePublished\":\"2026-09-02T09:16:04+00:00\",\"breadcrumb\":{\"@id\":\"https:\\\/\\\/guiaactivitats.aralleida.cat\\\/events\\\/cap-de-setmana-iberic-als-vilars-arbeca-garrigues-3\\\/#breadcrumb\"},\"inLanguage\":\"fr-FR\",\"potentialAction\":[{\"@type\":\"ReadAction\",\"target\":[\"https:\\\/\\\/guiaactivitats.aralleida.cat\\\/events\\\/cap-de-setmana-iberic-als-vilars-arbeca-garrigues-3\\\/\"]}]},{\"@type\":\"BreadcrumbList\",\"@id\":\"https:\\\/\\\/guiaactivitats.aralleida.cat\\\/events\\\/cap-de-setmana-iberic-als-vilars-arbeca-garrigues-3\\\/#breadcrumb\",\"itemListElement\":[{\"@type\":\"ListItem\",\"position\":1,\"name\":\"Inici\",\"item\":\"https:\\\/\\\/guiaactivitats.aralleida.cat\\\/fr\\\/\"},{\"@type\":\"ListItem\",\"position\":2,\"name\":\"Esdeveniments\",\"item\":\"https:\\\/\\\/guiaactivitats.aralleida.cat\\\/events\\\/\"},{\"@type\":\"ListItem\",\"position\":3,\"name\":\"CAP DE SETMANA IB\u00c8RIC ALS VILARS &#8211; ARBECA (Garrigues)\"}]},{\"@type\":\"WebSite\",\"@id\":\"https:\\\/\\\/guiaactivitats.aralleida.cat\\\/#website\",\"url\":\"https:\\\/\\\/guiaactivitats.aralleida.cat\\\/\",\"name\":\"Guia activitats de Lleida\",\"description\":\"Troba totes les activitats de Lleida al teu abast\",\"publisher\":{\"@id\":\"https:\\\/\\\/guiaactivitats.aralleida.cat\\\/#organization\"},\"potentialAction\":[{\"@type\":\"SearchAction\",\"target\":{\"@type\":\"EntryPoint\",\"urlTemplate\":\"https:\\\/\\\/guiaactivitats.aralleida.cat\\\/?s={search_term_string}\"},\"query-input\":{\"@type\":\"PropertyValueSpecification\",\"valueRequired\":true,\"valueName\":\"search_term_string\"}}],\"inLanguage\":\"fr-FR\"},{\"@type\":\"Organization\",\"@id\":\"https:\\\/\\\/guiaactivitats.aralleida.cat\\\/#organization\",\"name\":\"Patronat de Turisme de les Terres de Lleida\",\"url\":\"https:\\\/\\\/guiaactivitats.aralleida.cat\\\/\",\"logo\":{\"@type\":\"ImageObject\",\"inLanguage\":\"fr-FR\",\"@id\":\"https:\\\/\\\/guiaactivitats.aralleida.cat\\\/#\\\/schema\\\/logo\\\/image\\\/\",\"url\":\"https:\\\/\\\/guiaactivitats.aralleida.cat\\\/wp-content\\\/uploads\\\/2024\\\/03\\\/logos-ara-lleida-diputacio-de-lleida.png\",\"contentUrl\":\"https:\\\/\\\/guiaactivitats.aralleida.cat\\\/wp-content\\\/uploads\\\/2024\\\/03\\\/logos-ara-lleida-diputacio-de-lleida.png\",\"width\":2048,\"height\":673,\"caption\":\"Patronat de Turisme de les Terres de Lleida\"},\"image\":{\"@id\":\"https:\\\/\\\/guiaactivitats.aralleida.cat\\\/#\\\/schema\\\/logo\\\/image\\\/\"},\"sameAs\":[\"https:\\\/\\\/www.facebook.com\\\/aralleida\\\/\",\"https:\\\/\\\/x.com\\\/aralleida\",\"https:\\\/\\\/www.instagram.com\\\/aralleida\\\/\",\"https:\\\/\\\/www.youtube.com\\\/user\\\/ARALLEIDATV\",\"https:\\\/\\\/vm.tiktok.com\\\/ZM8sAJDA5\\\/\",\"https:\\\/\\\/www.pinterest.es\\\/aralleida\\\/\",\"https:\\\/\\\/www.linkedin.com\\\/company\\\/patronat-de-turisme-ara-lleida\\\/\"]}]}<\/script>\n<!-- \/ Yoast SEO plugin. -->","yoast_head_json":{"title":"CAP DE SETMANA IB\u00c8RIC ALS VILARS - ARBECA (Garrigues) - Guia activitats de Lleida","robots":{"index":"index","follow":"follow","max-snippet":"max-snippet:-1","max-image-preview":"max-image-preview:large","max-video-preview":"max-video-preview:-1"},"canonical":"https:\/\/guiaactivitats.aralleida.cat\/events\/cap-de-setmana-iberic-als-vilars-arbeca-garrigues-3\/","og_locale":"fr_FR","og_type":"article","og_title":"CAP DE SETMANA IB\u00c8RIC ALS VILARS - ARBECA (Garrigues) - Guia activitats de Lleida","og_description":"El Cap de Setmana Ib\u00e8ric \u00e9s l\u2019esdeveniment anual de la Ruta dels Ibers m\u00e9s important i que atrau m\u00e9s visitants als jaciments ib\u00e8rics de tot Catalunya, en aquest cas a la fortalesa ib\u00e8rica dels Vilars. \u00c9s una excel\u00b7lent oportunitat per redescobrir el nostre passat, passejar per enclavaments espectaculars amb troballes \u00faniques, tot plegat amb les [&hellip;]","og_url":"https:\/\/guiaactivitats.aralleida.cat\/events\/cap-de-setmana-iberic-als-vilars-arbeca-garrigues-3\/","og_site_name":"Guia activitats de Lleida","article_publisher":"https:\/\/www.facebook.com\/aralleida\/","twitter_card":"summary_large_image","twitter_site":"@aralleida","schema":{"@context":"https:\/\/schema.org","@graph":[{"@type":"WebPage","@id":"https:\/\/guiaactivitats.aralleida.cat\/events\/cap-de-setmana-iberic-als-vilars-arbeca-garrigues-3\/","url":"https:\/\/guiaactivitats.aralleida.cat\/events\/cap-de-setmana-iberic-als-vilars-arbeca-garrigues-3\/","name":"CAP DE SETMANA IB\u00c8RIC ALS VILARS - ARBECA (Garrigues) - Guia activitats de Lleida","isPartOf":{"@id":"https:\/\/guiaactivitats.aralleida.cat\/#website"},"datePublished":"2026-09-02T09:16:04+00:00","breadcrumb":{"@id":"https:\/\/guiaactivitats.aralleida.cat\/events\/cap-de-setmana-iberic-als-vilars-arbeca-garrigues-3\/#breadcrumb"},"inLanguage":"fr-FR","potentialAction":[{"@type":"ReadAction","target":["https:\/\/guiaactivitats.aralleida.cat\/events\/cap-de-setmana-iberic-als-vilars-arbeca-garrigues-3\/"]}]},{"@type":"BreadcrumbList","@id":"https:\/\/guiaactivitats.aralleida.cat\/events\/cap-de-setmana-iberic-als-vilars-arbeca-garrigues-3\/#breadcrumb","itemListElement":[{"@type":"ListItem","position":1,"name":"Inici","item":"https:\/\/guiaactivitats.aralleida.cat\/fr\/"},{"@type":"ListItem","position":2,"name":"Esdeveniments","item":"https:\/\/guiaactivitats.aralleida.cat\/events\/"},{"@type":"ListItem","position":3,"name":"CAP DE SETMANA IB\u00c8RIC ALS VILARS &#8211; ARBECA (Garrigues)"}]},{"@type":"WebSite","@id":"https:\/\/guiaactivitats.aralleida.cat\/#website","url":"https:\/\/guiaactivitats.aralleida.cat\/","name":"Guia activitats de Lleida","description":"Troba totes les activitats de Lleida al teu abast","publisher":{"@id":"https:\/\/guiaactivitats.aralleida.cat\/#organization"},"potentialAction":[{"@type":"SearchAction","target":{"@type":"EntryPoint","urlTemplate":"https:\/\/guiaactivitats.aralleida.cat\/?s={search_term_string}"},"query-input":{"@type":"PropertyValueSpecification","valueRequired":true,"valueName":"search_term_string"}}],"inLanguage":"fr-FR"},{"@type":"Organization","@id":"https:\/\/guiaactivitats.aralleida.cat\/#organization","name":"Patronat de Turisme de les Terres de Lleida","url":"https:\/\/guiaactivitats.aralleida.cat\/","logo":{"@type":"ImageObject","inLanguage":"fr-FR","@id":"https:\/\/guiaactivitats.aralleida.cat\/#\/schema\/logo\/image\/","url":"https:\/\/guiaactivitats.aralleida.cat\/wp-content\/uploads\/2024\/03\/logos-ara-lleida-diputacio-de-lleida.png","contentUrl":"https:\/\/guiaactivitats.aralleida.cat\/wp-content\/uploads\/2024\/03\/logos-ara-lleida-diputacio-de-lleida.png","width":2048,"height":673,"caption":"Patronat de Turisme de les Terres de Lleida"},"image":{"@id":"https:\/\/guiaactivitats.aralleida.cat\/#\/schema\/logo\/image\/"},"sameAs":["https:\/\/www.facebook.com\/aralleida\/","https:\/\/x.com\/aralleida","https:\/\/www.instagram.com\/aralleida\/","https:\/\/www.youtube.com\/user\/ARALLEIDATV","https:\/\/vm.tiktok.com\/ZM8sAJDA5\/","https:\/\/www.pinterest.es\/aralleida\/","https:\/\/www.linkedin.com\/company\/patronat-de-turisme-ara-lleida\/"]}]}},"_links":{"self":[{"href":"https:\/\/guiaactivitats.aralleida.cat\/fr\/wp-json\/wp\/v2\/events\/12087","targetHints":{"allow":["GET"]}}],"collection":[{"href":"https:\/\/guiaactivitats.aralleida.cat\/fr\/wp-json\/wp\/v2\/events"}],"about":[{"href":"https:\/\/guiaactivitats.aralleida.cat\/fr\/wp-json\/wp\/v2\/types\/events"}],"wp:attachment":[{"href":"https:\/\/guiaactivitats.aralleida.cat\/fr\/wp-json\/wp\/v2\/media?parent=12087"}],"wp:term":[{"taxonomy":"campanyes","embeddable":true,"href":"https:\/\/guiaactivitats.aralleida.cat\/fr\/wp-json\/wp\/v2\/campanyes?post=12087"},{"taxonomy":"comarques","embeddable":true,"href":"https:\/\/guiaactivitats.aralleida.cat\/fr\/wp-json\/wp\/v2\/comarques?post=12087"},{"taxonomy":"categories-events","embeddable":true,"href":"https:\/\/guiaactivitats.aralleida.cat\/fr\/wp-json\/wp\/v2\/categories-events?post=12087"}],"curies":[{"name":"wp","href":"https:\/\/api.w.org\/{rel}","templated":true}]}}

CAP DE SETMANA IBÈRIC ALS VILARS  &#8211; ARBECA (Garrigues)

<p>El Cap de Setmana Ibèric és l’esdeveniment anual de la Ruta dels Ibers més important i que atrau més visitants als jaciments ibèrics de tot Catalunya, en aquest cas a la fortalesa ibèrica dels Vilars. És una excel·lent oportunitat per redescobrir el nostre passat, passejar per enclavaments espectaculars amb troballes úniques, tot plegat amb les explicacions d’alguns dels millors arqueòlegs del país.</p>

https://control.aralleida.cat//storage/4383/CAP-DE-SETMANA-IBE╠ÇRIC-ALS-VILARS-.jpeg

<!-- This site is optimized with the Yoast SEO plugin v28.4 - https://yoast.com/product/yoast-seo-wordpress/ -->
<title>CAP DE SETMANA IBÈRIC ALS VILARS - ARBECA (Garrigues) - Guia activitats de Lleida</title>
<meta name="robots" content="index, follow, max-snippet:-1, max-image-preview:large, max-video-preview:-1" />
<link rel="canonical" href="https://guiaactivitats.aralleida.cat/events/cap-de-setmana-iberic-als-vilars-arbeca-garrigues-3/" />
<meta property="og:locale" content="fr_FR" />
<meta property="og:type" content="article" />
<meta property="og:title" content="CAP DE SETMANA IBÈRIC ALS VILARS - ARBECA (Garrigues) - Guia activitats de Lleida" />
<meta property="og:description" content="El Cap de Setmana Ibèric és l’esdeveniment anual de la Ruta dels Ibers més important i que atrau més visitants als jaciments ibèrics de tot Catalunya, en aquest cas a la fortalesa ibèrica dels Vilars. És una excel·lent oportunitat per redescobrir el nostre passat, passejar per enclavaments espectaculars amb troballes úniques, tot plegat amb les [&hellip;]" />
<meta property="og:url" content="https://guiaactivitats.aralleida.cat/events/cap-de-setmana-iberic-als-vilars-arbeca-garrigues-3/" />
<meta property="og:site_name" content="Guia activitats de Lleida" />
<meta property="article:publisher" content="https://www.facebook.com/aralleida/" />
<meta name="twitter:card" content="summary_large_image" />
<meta name="twitter:site" content="@aralleida" />
<script type="application/ld+json" class="yoast-schema-graph">{"@context":"https:\/\/schema.org","@graph":[{"@type":"WebPage","@id":"https:\/\/guiaactivitats.aralleida.cat\/events\/cap-de-setmana-iberic-als-vilars-arbeca-garrigues-3\/","url":"https:\/\/guiaactivitats.aralleida.cat\/events\/cap-de-setmana-iberic-als-vilars-arbeca-garrigues-3\/","name":"CAP DE SETMANA IBÈRIC ALS VILARS - ARBECA (Garrigues) - Guia activitats de Lleida","isPartOf":{"@id":"https:\/\/guiaactivitats.aralleida.cat\/#website"},"datePublished":"2026-09-02T09:16:04+00:00","breadcrumb":{"@id":"https:\/\/guiaactivitats.aralleida.cat\/events\/cap-de-setmana-iberic-als-vilars-arbeca-garrigues-3\/#breadcrumb"},"inLanguage":"fr-FR","potentialAction":[{"@type":"ReadAction","target":["https:\/\/guiaactivitats.aralleida.cat\/events\/cap-de-setmana-iberic-als-vilars-arbeca-garrigues-3\/"]}]},{"@type":"BreadcrumbList","@id":"https:\/\/guiaactivitats.aralleida.cat\/events\/cap-de-setmana-iberic-als-vilars-arbeca-garrigues-3\/#breadcrumb","itemListElement":[{"@type":"ListItem","position":1,"name":"Inici","item":"https:\/\/guiaactivitats.aralleida.cat\/fr\/"},{"@type":"ListItem","position":2,"name":"Esdeveniments","item":"https:\/\/guiaactivitats.aralleida.cat\/events\/"},{"@type":"ListItem","position":3,"name":"CAP DE SETMANA IBÈRIC ALS VILARS &#8211; ARBECA (Garrigues)"}]},{"@type":"WebSite","@id":"https:\/\/guiaactivitats.aralleida.cat\/#website","url":"https:\/\/guiaactivitats.aralleida.cat\/","name":"Guia activitats de Lleida","description":"Troba totes les activitats de Lleida al teu abast","publisher":{"@id":"https:\/\/guiaactivitats.aralleida.cat\/#organization"},"potentialAction":[{"@type":"SearchAction","target":{"@type":"EntryPoint","urlTemplate":"https:\/\/guiaactivitats.aralleida.cat\/?s={search_term_string}"},"query-input":{"@type":"PropertyValueSpecification","valueRequired":true,"valueName":"search_term_string"}}],"inLanguage":"fr-FR"},{"@type":"Organization","@id":"https:\/\/guiaactivitats.aralleida.cat\/#organization","name":"Patronat de Turisme de les Terres de Lleida","url":"https:\/\/guiaactivitats.aralleida.cat\/","logo":{"@type":"ImageObject","inLanguage":"fr-FR","@id":"https:\/\/guiaactivitats.aralleida.cat\/#\/schema\/logo\/image\/","url":"https:\/\/guiaactivitats.aralleida.cat\/wp-content\/uploads\/2024\/03\/logos-ara-lleida-diputacio-de-lleida.png","contentUrl":"https:\/\/guiaactivitats.aralleida.cat\/wp-content\/uploads\/2024\/03\/logos-ara-lleida-diputacio-de-lleida.png","width":2048,"height":673,"caption":"Patronat de Turisme de les Terres de Lleida"},"image":{"@id":"https:\/\/guiaactivitats.aralleida.cat\/#\/schema\/logo\/image\/"},"sameAs":["https:\/\/www.facebook.com\/aralleida\/","https:\/\/x.com\/aralleida","https:\/\/www.instagram.com\/aralleida\/","https:\/\/www.youtube.com\/user\/ARALLEIDATV","https:\/\/vm.tiktok.com\/ZM8sAJDA5\/","https:\/\/www.pinterest.es\/aralleida\/","https:\/\/www.linkedin.com\/company\/patronat-de-turisme-ara-lleida\/"]}]}</script>
<!-- / Yoast SEO plugin. -->

CAP DE SETMANA IBÈRIC ALS VILARS - ARBECA (Garrigues) - Guia activitats de Lleida

El Cap de Setmana Ibèric és l’esdeveniment anual de la Ruta dels Ibers més important i que atrau més visitants als jaciments ibèrics de tot Catalunya, en aquest cas a la fortalesa ibèrica dels Vilars. És una excel·lent oportunitat per redescobrir el nostre passat, passejar per enclavaments espectaculars amb troballes úniques, tot plegat amb les [&hellip;]

CAP DE SETMANA IBÈRIC ALS VILARS &#8211; ARBECA (Garrigues)
